{"id":85,"date":"2020-08-21T15:45:07","date_gmt":"2020-08-21T15:45:07","guid":{"rendered":"https:\/\/demosites.io\/moving-company-gb\/?page_id=84"},"modified":"2021-11-18T17:50:42","modified_gmt":"2021-11-18T17:50:42","slug":"nosotros","status":"publish","type":"page","link":"https:\/\/www.mudanzasdomingo.com\/web\/nosotros\/","title":{"rendered":"Nosotros"},"content":{"rendered":"\n<section class=\"wp-block-themeisle-blocks-advanced-columns alignfull has-1-columns has-desktop-equal-layout has-tablet-equal-layout has-mobile-equal-layout has-nogap-gap has-vertical-center\" id=\"wp-block-themeisle-blocks-advanced-columns-d9bfaa3d\"><div class=\"wp-block-themeisle-blocks-advanced-columns-overlay\"><\/div><div class=\"innerblocks-wrap\">\n<div class=\"wp-block-themeisle-blocks-advanced-column\" id=\"wp-block-themeisle-blocks-advanced-column-4c1f00b8\">\n<h1 id=\"wp-block-themeisle-blocks-advanced-heading-bd685224\" class=\"wp-block-themeisle-blocks-advanced-heading wp-block-themeisle-blocks-advanced-heading-bd685224\">SOBRE NOSOTROS<\/h1>\n<\/div>\n<\/div><\/section>\n\n\n\n<section class=\"wp-block-themeisle-blocks-advanced-columns alignfull has-1-columns has-desktop-equal-layout has-tablet-equal-layout has-mobile-equal-layout has-nogap-gap has-vertical-flex-start\" id=\"wp-block-themeisle-blocks-advanced-columns-335a2f03\"><div class=\"wp-block-themeisle-blocks-advanced-columns-overlay\"><\/div><div class=\"innerblocks-wrap\">\n<div class=\"wp-block-themeisle-blocks-advanced-column\" id=\"wp-block-themeisle-blocks-advanced-column-5d90343f\">\n<section class=\"wp-block-themeisle-blocks-advanced-columns has-2-columns has-desktop-equal-layout has-tablet-equal-layout has-mobile-collapsedRows-layout has-nogap-gap has-vertical-flex-start\" id=\"wp-block-themeisle-blocks-advanced-columns-b2ead1d6\"><div class=\"wp-block-themeisle-blocks-advanced-columns-overlay\"><\/div><div class=\"innerblocks-wrap\">\n<div class=\"wp-block-themeisle-blocks-advanced-column\" id=\"wp-block-themeisle-blocks-advanced-column-7c705a1c\">\n<h2 class=\"has-text-align-left wp-block-heading\">CONVENIENCIA Y EXPERIENCIA<\/h2>\n\n\n\n<p class=\"has-text-align-left\" style=\"font-size:24px\">M\u00e1s de 30 a\u00f1os de experiencia demostrando nuestra profesionalidad adem\u00e1s de precio competitivo.<\/p>\n\n\n\n<p>Comprendemos la situaci\u00f3n de cada cliente y nos adaptamos a tus circunstancias. Creamos tu presupuesto a medida, as\u00ed que no dudes en llamarnos. Te asesoraremos en todo lo que necesites.<\/p>\n<\/div>\n\n\n\n<div class=\"wp-block-themeisle-blocks-advanced-column\" id=\"wp-block-themeisle-blocks-advanced-column-5f9a9ec0\">\n<figure class=\"wp-block-image size-full ticss-913c246c\"><img loading=\"lazy\" decoding=\"async\" width=\"480\" height=\"640\" src=\"https:\/\/www.mudanzasdomingo.com\/web\/wp-content\/uploads\/2021\/11\/foto-retocada-2.jpg\" alt=\"grua transporte mudanzas murcia\" class=\"wp-image-162\" srcset=\"https:\/\/www.mudanzasdomingo.com\/web\/wp-content\/uploads\/2021\/11\/foto-retocada-2.jpg 480w, https:\/\/www.mudanzasdomingo.com\/web\/wp-content\/uploads\/2021\/11\/foto-retocada-2-225x300.jpg 225w\" sizes=\"auto, (max-width: 480px) 100vw, 480px\" \/><\/figure>\n<\/div>\n<\/div><\/section>\n\n\n\n<section class=\"wp-block-themeisle-blocks-advanced-columns has-3-columns has-desktop-equal-layout has-tablet-equal-layout has-mobile-collapsedRows-layout has-nogap-gap has-vertical-flex-start\" id=\"wp-block-themeisle-blocks-advanced-columns-8e7cc7ae\"><div class=\"wp-block-themeisle-blocks-advanced-columns-overlay\"><\/div><div class=\"innerblocks-wrap\">\n<div class=\"wp-block-themeisle-blocks-advanced-column full-width\" id=\"wp-block-themeisle-blocks-advanced-column-725f10a7\">\n<p class=\"wp-block-themeisle-blocks-font-awesome-icons\" id=\"wp-block-themeisle-blocks-font-awesome-icons-d5510062\"><span class=\"wp-block-themeisle-blocks-font-awesome-icons-container\"><i class=\"fas fa-building\"><\/i><\/span><\/p>\n\n\n\n<p class=\"has-text-align-center has-nv-text-dark-bg-color has-text-color\" style=\"font-size:18px\"><strong>San Jos\u00e9 de la Vega (Murcia)<\/strong><\/p>\n<\/div>\n\n\n\n<div class=\"wp-block-themeisle-blocks-advanced-column full-width\" id=\"wp-block-themeisle-blocks-advanced-column-3c67f726\">\n<p class=\"wp-block-themeisle-blocks-font-awesome-icons\" id=\"wp-block-themeisle-blocks-font-awesome-icons-b30796af\"><span class=\"wp-block-themeisle-blocks-font-awesome-icons-container\"><a href=\"tel:+34630939440\" target=\"_self\" rel=\"noopener noreferrer\"><i class=\"fas fa-phone-alt\"><\/i><\/a><\/span><\/p>\n\n\n\n<p class=\"has-text-align-center has-nv-text-dark-bg-color has-text-color\" style=\"font-size:18px\"><strong><a href=\"tel:+34630939440\">+34 630 939 440<\/a><\/strong><\/p>\n<\/div>\n\n\n\n<div class=\"wp-block-themeisle-blocks-advanced-column full-width\" id=\"wp-block-themeisle-blocks-advanced-column-4956dbc0\">\n<p class=\"wp-block-themeisle-blocks-font-awesome-icons\" id=\"wp-block-themeisle-blocks-font-awesome-icons-5c8b5c2b\"><span class=\"wp-block-themeisle-blocks-font-awesome-icons-container\"><a href=\"mailto:info@mudanzasdomingo.com\" target=\"_self\" rel=\"noopener noreferrer\"><i class=\"fas fa-envelope\"><\/i><\/a><\/span><\/p>\n\n\n\n<p class=\"has-text-align-center has-nv-text-dark-bg-color has-text-color\" style=\"font-size:18px\"><strong><a href=\"mailto:info@mudanzasdomingo.com\">info@mudanzasdomingo.com<\/a><\/strong><\/p>\n<\/div>\n<\/div><\/section>\n<\/div>\n<\/div><\/section>\n\n\n\n<section class=\"wp-block-themeisle-blocks-advanced-columns alignfull has-2-columns has-desktop-equal-layout has-tablet-equal-layout has-mobile-collapsedRows-layout has-nogap-gap has-vertical-center\" id=\"wp-block-themeisle-blocks-advanced-columns-de72ff39\"><div class=\"wp-block-themeisle-blocks-advanced-columns-overlay\"><\/div><div class=\"innerblocks-wrap\">\n<div class=\"wp-block-themeisle-blocks-advanced-column\" id=\"wp-block-themeisle-blocks-advanced-column-41f6cecb\">\n<figure class=\"wp-block-image size-large\"><img loading=\"lazy\" decoding=\"async\" width=\"1024\" height=\"768\" src=\"https:\/\/www.mudanzasdomingo.com\/web\/wp-content\/uploads\/2021\/11\/foto-retocada-1024x768.png\" alt=\"transporte de mudanzas murcia\" class=\"wp-image-163\" srcset=\"https:\/\/www.mudanzasdomingo.com\/web\/wp-content\/uploads\/2021\/11\/foto-retocada-1024x768.png 1024w, https:\/\/www.mudanzasdomingo.com\/web\/wp-content\/uploads\/2021\/11\/foto-retocada-300x225.png 300w, https:\/\/www.mudanzasdomingo.com\/web\/wp-content\/uploads\/2021\/11\/foto-retocada-768x576.png 768w, https:\/\/www.mudanzasdomingo.com\/web\/wp-content\/uploads\/2021\/11\/foto-retocada-1536x1152.png 1536w, https:\/\/www.mudanzasdomingo.com\/web\/wp-content\/uploads\/2021\/11\/foto-retocada-2048x1536.png 2048w\" sizes=\"auto, (max-width: 1024px) 100vw, 1024px\" \/><\/figure>\n<\/div>\n\n\n\n<div class=\"wp-block-themeisle-blocks-advanced-column\" id=\"wp-block-themeisle-blocks-advanced-column-5af0a9d5\">\n<h2 class=\"has-text-align-left wp-block-heading\">POR QU\u00c9 ELEGIRNOS<\/h2>\n\n\n\n<p class=\"has-text-align-left\">Nuestros m\u00e1s de 30 a\u00f1os en el sector nos avalan y seguiremos as\u00ed, dando un muy buen servicio a los clientes.<\/p>\n\n\n\n<div style=\"height:20px\" aria-hidden=\"true\" class=\"wp-block-spacer\"><\/div>\n\n\n\n<section class=\"wp-block-themeisle-blocks-advanced-columns has-1-columns has-desktop-equal-layout has-tablet-equal-layout has-mobile-equal-layout has-wide-gap has-vertical-center\" id=\"wp-block-themeisle-blocks-advanced-columns-1b062e18\"><div class=\"wp-block-themeisle-blocks-advanced-columns-overlay\"><\/div><div class=\"innerblocks-wrap\">\n<div class=\"wp-block-themeisle-blocks-advanced-column\" id=\"wp-block-themeisle-blocks-advanced-column-1370f697\">\n<h3 class=\"has-text-align-left wp-block-heading\">PERSONAL EXPERIMENTADO<\/h3>\n\n\n\n<p id=\"wp-block-themeisle-blocks-advanced-heading-c29fe739\" class=\"wp-block-themeisle-blocks-advanced-heading wp-block-themeisle-blocks-advanced-heading-c29fe739\">Tenemos un personal altamente cualificado y comprometido con su trabajo.<\/p>\n<\/div>\n<\/div><\/section>\n\n\n\n<section class=\"wp-block-themeisle-blocks-advanced-columns has-1-columns has-desktop-equal-layout has-tablet-equal-layout has-mobile-equal-layout has-wide-gap has-vertical-center\" id=\"wp-block-themeisle-blocks-advanced-columns-9c0be2c7\"><div class=\"wp-block-themeisle-blocks-advanced-columns-overlay\"><\/div><div class=\"innerblocks-wrap\">\n<div class=\"wp-block-themeisle-blocks-advanced-column\" id=\"wp-block-themeisle-blocks-advanced-column-fef46398\">\n<h3 class=\"has-text-align-left wp-block-heading\">BUEN EQUIPAMIENTO<\/h3>\n\n\n\n<p id=\"wp-block-themeisle-blocks-advanced-heading-21d7ff1e\" class=\"wp-block-themeisle-blocks-advanced-heading wp-block-themeisle-blocks-advanced-heading-21d7ff1e\">Nuestra gr\u00faa elevadora hace que la mudanza sea r\u00e1pida y que llegue en perfectas condiciones.<\/p>\n<\/div>\n<\/div><\/section>\n<\/div>\n<\/div><\/section>\n\n\n\n<section class=\"wp-block-themeisle-blocks-advanced-columns alignfull has-1-columns has-desktop-equal-layout has-tablet-equal-layout has-mobile-equal-layout has-nogap-gap has-vertical-center\" id=\"wp-block-themeisle-blocks-advanced-columns-5bf726c2\"><div class=\"wp-block-themeisle-blocks-advanced-columns-overlay\"><\/div><div class=\"innerblocks-wrap\">\n<div class=\"wp-block-themeisle-blocks-advanced-column\" id=\"wp-block-themeisle-blocks-advanced-column-1ecc9713\">\n<div class=\"wp-block-themeisle-blocks-advanced-columns has-3-columns has-desktop-equal-layout has-tablet-equal-layout has-mobile-collapsedRows-layout has-default-gap has-vertical-unset\" id=\"wp-block-themeisle-blocks-advanced-columns-6cbead33\"><div class=\"wp-block-themeisle-blocks-advanced-columns-overlay\"><\/div><div class=\"innerblocks-wrap\">\n<div class=\"wp-block-themeisle-blocks-advanced-column\" id=\"wp-block-themeisle-blocks-advanced-column-e3fa372d\">\n<h2 class=\"wp-block-heading\">\u00bfPREGUNTAS?<\/h2>\n\n\n\n<p>Dinos que necesitas y te daremos la mejor calidad-precio.<\/p>\n\n\n\n<div class=\"wp-block-buttons is-layout-flex wp-block-buttons-is-layout-flex\">\n<div class=\"wp-block-button is-style-primary\"><a class=\"wp-block-button__link\" href=\"\/web\/contacto\/\">CONTACTANOS<\/a><\/div>\n<\/div>\n<\/div>\n\n\n\n<div class=\"wp-block-themeisle-blocks-advanced-column ticss-ed762d54\" id=\"wp-block-themeisle-blocks-advanced-column-ed762d54\">\n<figure class=\"wp-block-image size-full ticss-97eea1c2\"><img loading=\"lazy\" decoding=\"async\" width=\"600\" height=\"600\" src=\"https:\/\/www.mudanzasdomingo.com\/web\/wp-content\/uploads\/2019\/11\/neve-moving-company-16.jpg\" alt=\"\" class=\"wp-image-46\"\/><\/figure>\n<\/div>\n\n\n\n<div class=\"wp-block-themeisle-blocks-advanced-column\" id=\"wp-block-themeisle-blocks-advanced-column-a4251067\">\n<figure class=\"wp-block-image size-large ticss-878b3455\"><img loading=\"lazy\" decoding=\"async\" width=\"1024\" height=\"545\" src=\"https:\/\/www.mudanzasdomingo.com\/web\/wp-content\/uploads\/2021\/11\/logotipo-mudanzas-Domingo-1024x545.jpg\" alt=\"logotipo mudanzas domingo\" class=\"wp-image-165\" srcset=\"https:\/\/www.mudanzasdomingo.com\/web\/wp-content\/uploads\/2021\/11\/logotipo-mudanzas-Domingo-1024x545.jpg 1024w, https:\/\/www.mudanzasdomingo.com\/web\/wp-content\/uploads\/2021\/11\/logotipo-mudanzas-Domingo-300x160.jpg 300w, https:\/\/www.mudanzasdomingo.com\/web\/wp-content\/uploads\/2021\/11\/logotipo-mudanzas-Domingo-768x409.jpg 768w, https:\/\/www.mudanzasdomingo.com\/web\/wp-content\/uploads\/2021\/11\/logotipo-mudanzas-Domingo-1536x818.jpg 1536w, https:\/\/www.mudanzasdomingo.com\/web\/wp-content\/uploads\/2021\/11\/logotipo-mudanzas-Domingo.jpg 2037w\" sizes=\"auto, (max-width: 1024px) 100vw, 1024px\" \/><\/figure>\n<\/div>\n<\/div><\/div>\n<\/div>\n<\/div><\/section>\n","protected":false},"excerpt":{"rendered":"","protected":false},"author":1,"featured_media":0,"parent":0,"menu_order":0,"comment_status":"closed","ping_status":"closed","template":"page-templates\/template-pagebuilder-full-width.php","meta":{"neve_meta_sidebar":"full-width","neve_meta_container":"","neve_meta_enable_content_width":"on","neve_meta_content_width":100,"neve_meta_title_alignment":"","neve_meta_author_avatar":"","neve_post_elements_order":"","neve_meta_disable_header":"","neve_meta_disable_footer":"","neve_meta_disable_title":"","neve_meta_reading_time":"","_themeisle_gutenberg_block_has_review":false,"footnotes":""},"class_list":["post-85","page","type-page","status-publish","hentry"],"jetpack_sharing_enabled":true,"_links":{"self":[{"href":"https:\/\/www.mudanzasdomingo.com\/web\/wp-json\/wp\/v2\/pages\/85","targetHints":{"allow":["GET"]}}],"collection":[{"href":"https:\/\/www.mudanzasdomingo.com\/web\/wp-json\/wp\/v2\/pages"}],"about":[{"href":"https:\/\/www.mudanzasdomingo.com\/web\/wp-json\/wp\/v2\/types\/page"}],"author":[{"embeddable":true,"href":"https:\/\/www.mudanzasdomingo.com\/web\/wp-json\/wp\/v2\/users\/1"}],"replies":[{"embeddable":true,"href":"https:\/\/www.mudanzasdomingo.com\/web\/wp-json\/wp\/v2\/comments?post=85"}],"version-history":[{"count":8,"href":"https:\/\/www.mudanzasdomingo.com\/web\/wp-json\/wp\/v2\/pages\/85\/revisions"}],"predecessor-version":[{"id":198,"href":"https:\/\/www.mudanzasdomingo.com\/web\/wp-json\/wp\/v2\/pages\/85\/revisions\/198"}],"wp:attachment":[{"href":"https:\/\/www.mudanzasdomingo.com\/web\/wp-json\/wp\/v2\/media?parent=85"}],"curies":[{"name":"wp","href":"https:\/\/api.w.org\/{rel}","templated":true}]}}